Suppose 6*u + 56 = o*u. List the prime factors of u.
2, 7
Let c = -110 - -185. What are the prime factors of c?
3, 5
Suppose -4*s = -3*q - 72, -15 = -2*s + 4*q + 21. What are the prime factors of s?
2, 3
Suppose 0 = -2*p + 5*p - 192. What are the prime factors of p?
2
Let o(j) = -28*j - 2. List the prime factors of o(-1).
2, 13
Suppose -2*q + 3 = q. Let m be (-2 - 1*-8) + q. What are the prime factors of 10/35 + 33/m?
5
Suppose 5*t + 2 = 3*v, 2*v = 6*v - 4*t - 16. What are the prime factors of v?
3
Let h(c) = -c**2 - 5*c + 1. Let b be h(-5). Let r = b - -5. Let a = r + -3. List the prime factors of a.
3
Let q(w) be the first derivative of -w**2/2 - 4*w - 5. List the prime factors of q(-6).
2
Let b = 39 + -21. Suppose 0 = -4*v - z + 13, -z + b = 4*v + z. List the prime factors of v.
2
Let b(h) = h**2 - h. Let d(z) = -2*z**2 - 2*z - 1. Let q(r) = 2*b(r) - d(r). Let i be q(2). Suppose 1 = -4*x + i. What are the prime factors of x?
2
Suppose 582 = 5*g + u - 50, -5*g = -3*u - 644. What are the prime factors of g?
127
What are the prime factors of 2880/42 + 8/(-14)?
2, 17
Suppose -2*t = -5*n + 2081, 3*n - t + 800 - 2049 = 0. List the prime factors of n.
3, 139
Let z = 44 - 11. What are the prime factors of z?
3, 11
Let m(f) = -f**3 - f + 7. Let q be m(0). Suppose 2*z - 9 = q. Suppose -4*v + z = -8. What are the prime factors of v?
2
Suppose -5*x + 30 = 4*k + 7, 3*x - 4*k - 1 = 0. Let p be 0 + 4 - (-4 + x). What are the prime factors of (-6 - -4) + -1 + p?
2
Let n be (-6)/15 + 8/(-5). Let p be n/3*3/(-2). List the prime factors of ((-3)/p)/(3/(-5)).
5
Suppose -113 + 793 = 4*b. List the prime factors of b.
2, 5, 17
Let i(w) = -4*w + 70. List the prime factors of i(-22).
2, 79
Let k(t) = -11*t - 1. Let a be k(1). Let x = a - -23. What are the prime factors of x?
11
Suppose -4*m + 4*i = -204, -m = i + i - 48. Let b = -36 + m. Let l = -7 + b. List the prime factors of l.
7
Let z be 4/(-6)*(0 + -3). Let h(j) = -j - 8 + z*j - 3*j. What are the prime factors of h(-6)?
2
Let b = -20 + -8. Let m = b - -44. List the prime factors of m.
2
Suppose 0 = -5*z - 2*z + 476. List the prime factors of z.
2, 17
Let x = -132 + 157. What are the prime factors of x?
5
Let k(x) = 67*x - 31. What are the prime factors of k(6)?
7, 53
Suppose 0*d = -4*d - 4. Let b = d - -10. List the prime factors of b.
3
Let w(a) = a + 28. Let p be w(-14). Suppose 3*n - 56 = -4*v, 0 = -5*n + 3*v + 27 + 18. Suppose -2*m = -p - n. List the prime factors of m.
13
Suppose 0 = a - 4*a + 6. Suppose g = a*g - 13. What are the prime factors of g?
13
Let l be 6 + -3 - (-3 + 1). Suppose d + z = l - 1, -6 = -2*d - z. Suppose 4*q - 10 + d = 0. What are the prime factors of q?
2
Let l(u) = 2*u - 13. Let x be ((-3)/6)/((-1)/18). Let k be l(x). Suppose -a + 2 = p, -3*p + 30 - 10 = k*a. List the prime factors of a.
7
Suppose 0 = u + 4*u. Suppose 3*h - 69 = -u*h. What are the prime factors of h?
23
Suppose -6 = -0*s - 3*s. List the prime factors of s*-14*(-2)/4.
2, 7
Suppose -1 = -4*q + 7. Suppose q*f = 3*f - 3. Suppose f*p + p = 52. List the prime factors of p.
13
Let j(l) = -l**3 + 11*l**2 + 15*l + 13. What are the prime factors of j(12)?
7
Let g = -8 - -10. Suppose -2*n + 4*z + 24 = 0, 3*z + g = 2*z. Let w = 0 + n. List the prime factors of w.
2
Suppose -1 = -x + 6. Suppose -z + x - 3 = 0. Let m(h) = h + 2. List the prime factors of m(z).
2, 3
Let q(c) = c**3 - 4*c**2 - 5*c + 5. Let p be q(5). Suppose p*z - 84 = -4*a + z, -2*z = 3*a - 65. What are the prime factors of a?
23
Let l(q) = -q**2 - 7*q + 9. Let b be l(-8). Let p(k) = 5*k**3 - k**2 + 1. Let v be p(b). Suppose a - 3*a = -5*f + 21, 5*a - v = f. List the prime factors of f.
5
Suppose 3*u + 85 = -29. List the prime factors of (1 + -3)/(4/u).
19
Suppose 5*k - 3*k - 6 = 0. Suppose 0*f = -k*f + 36. What are the prime factors of f?
2, 3
Let s = 3 + 3. Suppose -2*x + 9 = -y, -x - 2*y = x + s. What are the prime factors of -2 - (-11 + -2 + x)?
3
Let j(o) = -2*o - 8. Let g be j(-6). Suppose 3*q + g*i - 3 + 2 = 0, 5 = 5*i. Let r = 7 + q. What are the prime factors of r?
2, 3
Let g be -3*(84/(-9) - 2). Suppose g = 2*o - 0*o. What are the prime factors of o?
17
List the prime factors of 133 + (-4)/(-4) - -4.
2, 3, 23
Let a(n) be the third derivative of n**5/60 - n**4/6 - n**3/2 + 8*n**2. List the prime factors of a(6).
3
Let t(x) = -x**3 + 6*x**2 + 8*x + 2. Suppose 0*l - 28 = -4*l - d, 5*l = 2*d + 35. List the prime factors of t(l).
3
Suppose 538 = 10*a - 1022. List the prime factors of a.
2, 3, 13
Let u be 4/6 + 12/9. Let y be (-1)/(u*3/(-12)). Suppose 0 = 3*p + y*p - 85. List the prime factors of p.
17
Let s be 3/3 - 2 - -15. Suppose -s = -5*l - 4. What are the prime factors of l?
2
Suppose 608 = -3*k + 5*k. List the prime factors of k.
2, 19
Let q(v) = 3 + 5 + 4*v + v**2 - 3*v - 3. Let z be q(0). Suppose 4*f + z*d - 7 = 0, -2*f - f + 39 = -3*d. What are the prime factors of f?
2
Let t(h) = h**2 - h - 7. Let d be t(5). Suppose 0 = -p + 7 + d. List the prime factors of p.
2, 5
Suppose 2*i + 5*o - 11 = 7, 0 = 5*i - 4*o - 12. Suppose 0 = w - j - 0 - i, -5*j = 2*w + 27. Let v = w - -7. List the prime factors of v.
2, 3
What are the prime factors of (-1114)/(-10) - 3/(-5)?
2, 7
Suppose 4 = -x, 2*x = -2*n - 0*x - 6. Suppose -d = 2*l - 10, 3*l + d = 14 + n. What are the prime factors of l?
5
Let s(f) be the first derivative of 1/3*f**3 + 15/4*f**4 + 2 - 1/2*f**2 + 0*f. List the prime factors of s(1).
3, 5
Suppose -2653 = -16*n + 563. What are the prime factors of n?
3, 67
Suppose g - 178 = -5*a + 2*g, 3*a - 3*g = 102. Let v = -21 + a. What are the prime factors of v?
3, 5
Suppose 0 = 3*h + 2*x + 3*x - 68, 4*x = 3*h - 86. Let k = 44 - h. Suppose -2*a + 3*v + 2 = 0, k = -0*a + 2*a + v. What are the prime factors of a?
7
Let i = 20 - -9. List the prime factors of i.
29
List the prime factors of (50/(-4) - -6)*8*-1.
2, 13
Let y(m) = -m - 1. Let q be y(-3). Suppose 0*g = -q*g + 20. List the prime factors of g.
2, 5
Let x(v) = v**3 - 3*v**2 - 3*v. Let u be x(4). Suppose 5 = 2*j - 5, 217 = u*m + j. List the prime factors of m.
53
Let t(f) = f**3 + 8*f**2 + 3*f + 6. Suppose -18 = 2*q + 2*o, -2*q - 1 - 11 = -o. What are the prime factors of t(q)?
2, 17
Suppose -1088 = -4*y + 3*c, -3 = c + 1. What are the prime factors of y?
269
Suppose 0 = 7*k + 2*k - 369. What are the prime factors of k?
41
Suppose 0 = -4*t - j - 5, 2*t - 2*j = 9 + 1. Let u(h) = -h**3 + 5*h**2 - h - 3. Let g be u(3). Suppose t*o = 4*o - g. What are the prime factors of o?
3
Suppose m = 6*m - 325. What are the prime factors of 4/(-16) - m/(-4)?
2
Let x(b) = -6*b**3 - 2*b**2 + 1. List the prime factors of x(-1).
5
Let k = 119 + 47. What are the prime factors of k?
2, 83
Suppose -9 = 3*g, 2*q = 3*g - 51 + 266. What are the prime factors of q?
103
Let a(s) = s - 13. Let j be a(0). Let p = -1 - j. Suppose 5*h - 3 - p = 0. List the prime factors of h.
3
Suppose -4*m + 2*i - 4*i + 8 = 0, -3*i = -6. Let q be (2 - 1) + (4 - 3). Suppose -q*h + 13 = 3*h + 3*x, m = x. What are the prime factors of h?
2
Suppose -r - 3*w = -40, 2*r - 4*r + 80 = w. What are the prime factors of r?
2, 5
Suppose -49 = -3*n - 2*n - h, h = -2*n + 22. What are the prime factors of ((-6)/n)/(-1)*24?
2
Let i(q) = q**2 + 2*q + 3. Let r be 1/1*(5 - 2). Suppose 5*b + 4*y + 20 = 0, -2*b + b - r*y - 4 = 0. List the prime factors of i(b).
11
Let q be ((-8)/(-10))/(6/15). Suppose -2*h + 9 = j, -3*h - j = q*j - 12. What are the prime factors of h?
5
Let r be 3/2*-2 + 6. Suppose r*t = 3*y + 30, -5*t + 18 + 11 = 2*y. List the prime factors of t.
7
Let i(w) = -w**3 - 2*w. Let m(f) = 4*f**3 + 7*f. Let h(p) = 21*i(p) + 6*m(p). Let j(d) = d**2 + 3*d + 3. Let g be j(-2). List the prime factors of h(g).
3
Let o(q) = q + 8. Let k be o(-7). Suppose -l - k = 5*s + 1, 4*s = -3*l + 5. List the prime factors of l.
3
Let a(p) = -p + 19. What are the prime factors of a(0)?
19
Suppose 4*u - y = 90, 3*y + 0*y - 82 = -4*u. List the prime factors of u.
2, 11
Let h = 49 - 28. What are the prime factors of h?
3, 7
Suppose -3*c + 2 = -10. List the prime factors of (-393)/(-12) - (-1)/c.
3, 11
Let x = -11 + 11. Suppose x = -4*q - 4, -i = i - 3*q - 33. Suppose -3*k - 3*o = -21, 0 = 5*k - 0*o + o - i. List the prime factors of k.
2
Suppose -5*c - 747 = -222. List the prime